{"id":873,"date":"2019-04-04T19:41:33","date_gmt":"2019-04-04T19:41:33","guid":{"rendered":"https:\/\/cornejoiglesias.com\/?post_type=product&#038;p=873"},"modified":"2021-06-08T04:02:13","modified_gmt":"2021-06-08T04:02:13","slug":"asesoria-para-documentacion","status":"publish","type":"product","link":"https:\/\/cornejoiglesias.com\/?product=asesoria-para-documentacion","title":{"rendered":"Asesor\u00eda para: Importacion, Exportaci\u00f3n y Reg\u00edmenes especiales"},"content":{"rendered":"<p>[vc_row][vc_column][vc_column_text]<\/p>\n<ul>\n<li><i class=\"fas fa-check\" style=\"color: #257ff7;\"><\/i> Respaldado por grupo de expertos aduaneros<\/li>\n<li><i class=\"fas fa-check\" style=\"color: #257ff7;\"><\/i> M\u00e1s de 20 a\u00f1os de experiencia<\/li>\n<li><i class=\"fas fa-check\" style=\"color: #257ff7;\"><\/i> Evita errores costosos<\/li>\n<li><i class=\"fas fa-check\" style=\"color: #257ff7;\"><\/i> Consultas y visitas ilimitadas<\/li>\n<li><i class=\"fas fa-check\" style=\"color: #257ff7;\"><\/i> Asignaci\u00f3n de un asesor<\/li>\n<li><i class=\"fas fa-check\" style=\"color: #257ff7;\"><\/i> Selecciona la mejor decisi\u00f3n aduanera<\/li>\n<li><i class=\"fas fa-check\" style=\"color: #257ff7;\"><\/i> Obtenci\u00f3n del INEN<\/li>\n<li><i class=\"fas fa-check\" style=\"color: #257ff7;\"><\/i> Finaliza la meta de tu proyecto<\/li>\n<\/ul>\n<p>[\/vc_column_text][\/vc_column][\/vc_row]<\/p>\n","protected":false},"excerpt":{"rendered":"<p>[vc_row][vc_column][vc_column_text] Respaldado por grupo de expertos aduaneros M\u00e1s de 20 a\u00f1os de experiencia Evita errores costosos Consultas y visitas ilimitadas Asignaci\u00f3n de un asesor Selecciona la<span class=\"excerpt-hellip\"> [\u2026]<\/span><\/p>\n","protected":false},"featured_media":1807,"comment_status":"open","ping_status":"closed","template":"","meta":[],"_links":{"self":[{"href":"https:\/\/cornejoiglesias.com\/index.php?rest_route=\/wp\/v2\/product\/873"}],"collection":[{"href":"https:\/\/cornejoiglesias.com\/index.php?rest_route=\/wp\/v2\/product"}],"about":[{"href":"https:\/\/cornejoiglesias.com\/index.php?rest_route=\/wp\/v2\/types\/product"}],"replies":[{"embeddable":true,"href":"https:\/\/cornejoiglesias.com\/index.php?rest_route=%2Fwp%2Fv2%2Fcomments&post=873"}],"wp:featuredmedia":[{"embeddable":true,"href":"https:\/\/cornejoiglesias.com\/index.php?rest_route=\/wp\/v2\/media\/1807"}],"wp:attachment":[{"href":"https:\/\/cornejoiglesias.com\/index.php?rest_route=%2Fwp%2Fv2%2Fmedia&parent=873"}],"curies":[{"name":"wp","href":"https:\/\/api.w.org\/{rel}","templated":true}]}}